ulate v(-40).
-10
Let i(r) = -696*r + 3491. Let n be i(5). Let u(q) = q**3 - 11*q**2 + 3*q - 22. Determine u(n).
11
Suppose 7*v + 5*v - 20 = 11*v. Let p(q) = -q**3 + 18*q**2 + 40*q + 1. What is p(v)?
1
Let j(v) = -39*v**2 - v + 1. Let u(s) = -157*s**2 - 20*s - 7. Let w(o) = -4*j(o) + u(o). What is w(0)?
-11
Let y(h) = -4*h - 8. Suppose -7*s = 31 - 45. Suppose -j + 14 = -5*q, 0 = -s*j - 0*q - 2*q - 20. Calculate y(j).
16
Let l(r) = r**3 + 3*r**2 - 5*r - 4. Suppose -3*b = 5*d + 105, -d - 3*b + 6*b = 21. Let x be -1*(-3)/d + 500/(-175). Calculate l(x).
11
Let h(w) be the first derivative of 10*w**3/3 - 89*w - 223. Let y(d) be the first derivative of h(d). Give y(1).
20
Let v = 907 - 927. Let o(f) = 3*f - 48. Give o(v).
-108
Let h(c) = 22*c**2 - 257*c + 58. Let g(t) = 35*t**2 - 409*t + 93. Let m(q) = -12*g(q) + 19*h(q). What is m(14)?
-56
Let r be 2/10 + (-12)/10. Let q be 9 + r + (-98)/7. Let p(z) = 4 - z - z - 10. Calculate p(q).
6
Let x(j) = j**3 + 12*j**2 - 14*j - 21. Suppose k + 22 = 3*b, -4*k - 63 = 5*b - 26. Calculate x(k).
-8
Let b(h) = 29*h - 239. Let f be b(8). Let d(a) = a**2 + 13*a + 17. Determine d(f).
-25
Suppose 0 = 3*y - 6*y + 7*d + 8, 3*y + 2*d - 44 = 0. Let b(j) = j - 20. Determine b(y).
-8
Let n(z) be the first derivative of z**3/3 + z**2 - 6*z + 14101. Suppose 5*w + 21 = -3*r, -2*r + 0*r - 13 = 3*w. Determine n(w).
-3
Suppose -2*k = -3*m - 4*k - 7, 4 = -4*m - 4*k. Let g be (8/5)/(-4)*m. Let q(y) be the first derivative of y**2 - 3*y - 5. What is q(g)?
1
Let v(y) be the third derivative of -y**5/60 + y**4/6 - y**3 + 34*y**2. Suppose -3*x + 10 = -2. What is v(x)?
-6
Let b(y) = -7*y**3 - 15*y**2 + 10*y. Suppose 33 = z + 30. Let d(p) = 4*p**3 + 8*p**2 - 5*p. Let f(m) = z*b(m) + 5*d(m). Suppose -7*s = -10*s - 18. Give f(s).
6
Let z(a) be the third derivative of 0*a - 51*a**2 + 1/60*a**5 + 1/6*a**4 - 2/3*a**3 + 0. Give z(-4).
-4
Let j(k) be the first derivative of 7*k**2/2 - 2*k - 6. Let u(q) = -q**3 + 6*q**2 - 5*q - 4. Let n be u(3). Suppose 21*f - 25*f - n = 0. Give j(f).
-16
Suppose 2*h + 7*a - 37 = 2*a, -3*a + 39 = 4*h. Let t(o) = -o**3 + 19*o - h - 32*o + 6*o + 7*o + o**2. What is t(0)?
-6
Let r(t) = 4*t. Suppose 3*k = -5*u + 331, 0*u + 2*u + k - 133 = 0. Let m = -68 + u. Suppose 0 = -5*w - 4*p - 9, -3*p + m*p = -4*w - 1. Determine r(w).
-4
Let m(i) = 0*i**2 - 6 - 238*i - i**2 + 180*i + 69*i. Let l(f) = -f**3 + 7*f**2 + 10. Let k be l(7). Give m(k).
4
Let u = 4 + -4. Let l(z) = 3*z + 10*z**2 + z**3 + 1 - 3*z**2 + u*z**3. Suppose 351*o - 423*o - 575 = -143. Calculate l(o).
19
Let g(z) = -z**2 - 2. Let o(i) = -i + 2 - 2 + 3 + 2*i**2. Let k(a) = 9*g(a) + 4*o(a). Suppose -68 = -1445*y + 1462*y. Determine k(y).
-6
Let z be 44/110*((-132)/(-8) + 1). Let r(o) = o**2 - 2*o - 3. What is r(z)?
32
Let b = 15 - 26. Let t be (0 - 5)/(b/2 + 3). Let i(h) = 3*h**2 + 6*h - 4*h**2 + 6*h**2 - 2 - 6*h**t. Give i(3).
7
Let g(p) = 29*p - 116. Let u be g(8). Let j(i) = u*i - 229*i + 118*i + 4. Determine j(-3).
-11
Let d(h) = -h**3 + 2*h**2 + 6. Let z = 95 + -76. Suppose z - 1 = 6*g. Give d(g).
-3
Let u(d) = 9*d**2 + 7*d**2 - 22*d**2 + 1 - 2*d + 8*d**2. Let s = 19 - 18. What is u(s)?
1
Let f(q) = q - 24. Let g be f(-4). Let h be 3 + g/6*(-1 - -4). Let x(a) = -a. Calculate x(h).
11
Suppose -3*v - 654 = 6*o - o, o = 0. Let u = -206 - v. Let k(n) = -n**2 + 12*n + 1. Give k(u).
1
Let o be ((6 - 8)/((-4)/10))/1. Let g(f) = 1 + 0 - o - f**3 + 0 - 5*f + 4*f + 4*f**2. Give g(5).
-34
Let w(t) be the first derivative of -2*t**3/3 - 2*t**2 - 12*t - 2902. Determine w(-3).
-18
Let x(p) be the second derivative of p**5/20 - 3*p**4/4 + p**3/2 - 4*p**2 - 107*p - 2. Give x(9).
19
Let l(p) = 6*p - 6. Let q(x) = 9*x + 103. Let v be q(-11). Let z(k) = k - 5. Let s be z(-6). Let f(u) = 17*u - 18. Let b(h) = s*l(h) + v*f(h). Give b(5).
4
Let w(z) be the third derivative of z**5/60 - z**4/8 + z**3/2 - z**2. Suppose -24*p + 9135 = -12633. Let g = p - 905. Give w(g).
1
Let p(i) = -1 + 0 + 0 + 7*i + 13. Give p(-7).
-37
Let h(q) = 2*q - 42. Let t be h(-10). Let u = t - -67. Suppose u*b + 5*n = 0, 4*b - 4*n = -6*n + 4. Let r(c) = 8*c - 1. Determine r(b).
15
Let b be 192/(-144)*(5/(-2) - -1). Let z(k) = 3*k**b - 3*k + 22*k**3 + 3 - 23*k**3 - 4*k + 4*k + 3*k**2. What is z(5)?
13
Let o(u) = -4*u**2 + 1. Let k(t) = t**3 + 14*t**2 - 12*t + 46. Let v be (0 - (6 + -3))/((-9)/(-45)). Let y be k(v). Determine o(y).
-3
Let i(z) be the first derivative of -6 + 0*z - 13/2*z**2. Suppose -2 = 3*y + a, -10 = 3*y - 2*a - 5. What is i(y)?
13
Let b(i) = -12*i - 6*i + 29*i + 22. Let x be b(5). Let d = 69 - x. Let q(u) = u**3 + 7*u**2 - 7*u - 3. Give q(d).
-11
Let h(r) = r**2 - 24*r - 59. Let k(x) = -185*x + 1321. Let s be k(7). What is h(s)?
-7
Let y(f) = f**3 + 14*f**2 + 12*f - 16. Let r be (-3)/((-36)/(-142)) + 469/(-402). Determine y(r).
-3
Let g(u) = -u**2 + 12*u - 38. Let l(m) = m**2 + 11*m - 72. Let r be l(5). Let y be g(r). Let j(b) = b**3 + 6*b**2 - 5*b - 9. Calculate j(y).
21
Let g(n) be the third derivative of 3*n**5/20 + 13*n**4/24 + n**3/2 - 1875*n**2. Determine g(-2).
13
Let w(j) be the third derivative of -22*j**2 - 1/15*j**5 - j + 0 - 1/6*j**3 - 1/24*j**4. What is w(-1)?
-4
Let g(s) = -46 + 2*s - 48 + 141 - 3*s - 52. Suppose 5*i - 92 = 2*x + 15, 3*i = -5*x + 58. Let m = i + -26. Give g(m).
0
Let d(j) = 3 - 6*j**3 - 173*j - 7*j**3 + 14*j**3 + 20 + 23*j**2 + 8. Calculate d(-29).
2
Let d(o) = -7*o - 5*o - 11 - o. Let q(t) = -7*t - 6. Let s(p) = 3*d(p) - 5*q(p). Suppose 15*i + 891 = 461 + 505. Calculate s(i).
-23
Let b(q) = -13*q - 6. Let g(h) be the first derivative of 37*h**2/2 + 16*h - 296. Let p(f) = 11*b(f) + 4*g(f). Determine p(4).
18
Let c be 1 + (228/36 - (-2)/(-6)). Let m = 0 + 5. Let b(u) = -u**2 - 1. Let f(h) = 4*h**2 + 4*h + 11. Let x(n) = m*b(n) + f(n). Calculate x(c).
-15
Let w(b) = b**2 + 10*b + 4. Let d(v) = -10*v**2 + 314*v + 186. Let l be d(32). What is w(l)?
-20
Let t(i) be the first derivative of i**4/4 - 3*i**3 - 6*i + 1. Let f(q) = -2*q**3 - 215*q**2 - 923*q + 421. Let s be f(-103). Give t(s).
-6
Let m(k) be the first derivative of -2 - 3*k**2 + 1/3*k**3 - k. Suppose -233*n - 22 + 1420 = 0. Give m(n).
-1
Suppose v + 11 = -2*t, -v - 3 = -3*t - 17. Let x(j) = 13*j**3 + 2*j**2 + j. Calculate x(v).
-12
Let i = -3329 - -3338. Let n(t) = t**2 - 13*t + 21. Give n(i).
-15
Let u(j) = 23*j**2 + 353 - 809 + 456 + j. Determine u(-1).
22
Let u(s) = 21*s - 1691. Let k be u(80). Let g(l) = l**2 + 12*l + 19. Determine g(k).
8
Let r(q) be the third derivative of 1/60*q**5 - 8*q**2 + 0*q - 1/12*q**4 - 2/3*q**3 - 1. Calculate r(3).
-1
Let u(m) = m - 2. Let g(w) = w**3 - 6*w**2 + 10*w - 5. Let d be g(4). Suppose 3*c - 36 = -d*c. Let j be c/(-45) + (-34)/(-30) - -3. What is u(j)?
2
Let l(b) = -b**2 + 4*b + 2. Suppose -2*m - 3*m - 25 = 0, -o + 3*m = -204. Suppose o = 15*d - 6*d. Suppose 0 = 11*t - 4*t - d. Calculate l(t).
5
Let z(o) = 4*o - 4. Let p be (-4)/6 + (-10)/3. Let t(i) = -5*i. Let q(f) = 22*f + 12. Let b(k) = q(k) + 4*t(k). Let l be b(p). Give z(l).
12
Let m(h) = h**2 - 6*h + 11. Let f be m(4). Suppose 0 = 5*c + 2*l - 2, -5*c + c = -f*l + 3. Let n(x) = -x**3 - x**2 - x - 4. Calculate n(c).
-4
Let i be (1/2)/(1/2). Let x be (-1 - 7/14)*4/(-6). Let b(z) = -x - 2433*z**2 - 2*z + 2442*z**2 + 3*z. Give b(i).
9
Let o be (0 + (-7 - (-11 + 2)))*2. Let m(r) be the third derivative of 1/60*r**5 + 0*r + 0 - 6*r**2 + 0*r**o + 0*r**3. Determine m(-2).
4
Suppose -4*p = 4*p - 88. Let y(s) = 7*s. Let u be y(1). Let t(l) = l + 21 - p - u - 4. Give t(0).
-1
Let j(g) = -8*g + 3 + 68*g + 2 - 3*g. What is j(-2)?
-109
Let y = 328 + -324. Let g(z) = z - y*z - 5*z**2 - 2*z + 2*z. What is g(-3)?
-36
Let x(q) be the third derivative of -7/60*q**5 - q**2 + 1/120*q**6 + 0*q + 5/3*q**3 + 1/8*q**4 + 134. Calculate x(7).
31
Let p(l) be the second derivative of l**3/6 + 4*l**2 + l. Let a = -155 - -159. Suppose 0 = 4*h - 3*z + 21, a*h + 11 = 2*h + z. Calculate p(h).
2
Let k(f) = -2*f**3 - 5*f**2 + 201*f - 401. Let y be k(2). Let l(p) = 6*p + 203. Calculate l(y).
-7
Let p be 69/(-828) + 9/(648/(-642)). Let h(d) be the third derivative of 1/120*d**6 + 1/24*d**4 + d**2 + 3/20*d**5 + 5/6*d**3 + 0 + 0*d. Determine h(p).
-4
Suppose -6 = 6*m - 3*m. Let s = -48 + 50. Let b(x) = -x**3 + 84 - 2*x - x**2 - 85 - 2*x*